 -146*(-3)/12*2. Suppose l + y = 123. Suppose 10*x = -0*x + l. What is the remainder when 56 is divided by x?
1
Suppose 14*c - 2868 = 5924. Calculate the remainder when c is divided by 91.
82
Suppose -4*f - 2*v = -f - 55, -2*f + 5*v = -24. Suppose -4*z + 24 = -m, -5*z = 3*m + 2*m - 30. Calculate the remainder when z*1/3 + -6 - -33 is divided by f.
12
Let d(s) = 3*s**2 - 67*s + 28. Let h be d(22). What is the remainder when 56/h*135/60 is divided by 4?
1
Let f(a) = -172*a + 2891. Calculate the remainder when f(-47) is divided by 112.
111
Suppose -318 = -3*i + 3*t, -3*i - 5*t + 228 + 130 = 0. Suppose 20 = 4*d, y + d = 538 + 20. Calculate the remainder when y is divided by i.
109
Let p = -141 - -211. Let d = p - 56. What is the remainder when 291 is divided by d?
11
Let j = 32139 - 12835. What is the remainder when j is divided by 14?
12
Let q(u) = -89*u - 6243. What is the remainder when q(-84) is divided by 12?
9
Let n(p) = 2*p**2 + 28*p + 3. Let l be n(-14). Suppose 85 = 4*y + 3*i, l*i + 69 = 6*y - 3*y. Calculate the remainder when 42 is divided by y.
20
Let r = 72 - 41. Suppose 3*g + 4*x = 20, -5*x + 3 = g + 11. Let z = g + r. What is the remainder when 82 is divided by z?
39
Suppose 0 = -4*p - q + 43, 7*q = 4*p + 2*q - 73. Calculate the remainder when 596 is divided by p.
8
Let z(h) = -27*h + 189. Let w be z(7). Suppose -s = 4*u - 7 - 10, w = -s - u + 14. Calculate the remainder when s is divided by 4.
1
Let a be (32/(-4))/(-24) + 16/6. Suppose 0 = a*c - 5*c + 92. What is the remainder when c is divided by 26?
20
Suppose -9*h - 29 = -155. Let c(j) = j - 2. Let g = -6 - -13. What is the remainder when h is divided by c(g)?
4
Let w = 1 - -1. Suppose -w*u + u = -60. Calculate the remainder when u is divided by 12*1 + 2 - 4/(-2).
12
Let t be ((0 - -3) + -2)/((-4)/32). Let j(w) = -2*w**2 - 7*w - 1. Let d be j(t). Let o = -61 - d. Calculate the remainder when 47 is divided by o.
11
Let o(m) = m**3 - 2*m**2 - 8*m + 4. Suppose -3*j + 36 = k, -12 = 2*j - 3*j - k. Let d(t) = 13*t - 81. Calculate the remainder when d(j) is divided by o(5).
36
Let y = 23411 - 23380. What is the remainder when 772 is divided by y?
28
Let i be (-32 + 31)*(0 - 0). Suppose i = -8*d + 155 - 123. What is the remainder when 124 is divided by d?
0
Let a = -127 + 1213. Suppose 7*i - 4*i = a. Calculate the remainder when i is divided by 28.
26
Let m = -1 + 66. Calculate the remainder when 91 is divided by m.
26
Suppose -5172*k + 10360 = -5152*k. Calculate the remainder when k is divided by 17.
8
What is the remainder when 5249 is divided by (-1225)/14*(-56)/98?
49
Let b(o) = o**2 + 5*o + 11. Let w(l) = -4*l**3 - l**2 + 2*l + 22. What is the remainder when w(-3) is divided by b(-6)?
13
Suppose 3100 = 2515*y - 2495*y. Calculate the remainder when 1080 is divided by y.
150
Suppose 25 = 5*d, -2*x + 219 - 682 = -5*d. Let i = x + 359. What is the remainder when i is divided by 36?
32
What is the remainder when 1216 is divided by ((-47)/(-6))/((-226)/(-1356))?
41
Suppose z + t + 587 = 5*z, -4*z + 596 = -4*t. Calculate the remainder when z is divided by (((-2)/20)/((-14)/(-105)))/((-6)/152).
13
Suppose -1 = -24*j + 23*j. Let i be 660/j*34/85. What is the remainder when 24/40 - i/(-10) is divided by 11?
5
Suppose 84*m - 87*m + 5*p + 66 = 0, 5*p = 2*p. Let k = 4 + -3. Calculate the remainder when (k/3)/(2/258) is divided by m.
21
What is the remainder when (-4)/62 - 38045/(-1085) is divided by 1/(-2) - (3 + (-111)/6)?
5
Calculate the remainder when 1090 is divided by 1/30*222 - (-4)/(-10).
5
Suppose 10*d = 5*d - 8*f + 1097, 5*f = -5*d + 1085. What is the remainder when d is divided by 114?
99
Suppose z - 27 = -2*z. Let u be -11 - -1 - -1 - 16/(-16). Calculate the remainder when ((-3)/(60/u))/((-4)/(-180)) is divided by z.
0
Let q be 19 + 0 + (-10 + 16)/2. Suppose q*i = 217 - 41. What is the remainder when 24 is divided by i?
0
Suppose -7*j - 1239 - 2485 = 0. Let q = 535 + j. What is the remainder when q is divided by 3?
0
Let b(f) = 7*f - 27. Let d = -52 + 58. Let v be b(d). What is the remainder when 12 is divided by 6/15*v - (0 - 1)?
5
Calculate the remainder when 1/(3/18)*(122200/(-12))/(-13) is divided by 181.
175
Suppose g - 1270 = -4*g. What is the remainder when g is divided by -204*(-30)/80*(-10)/(-15)?
50
Let d = -403 - -405. Let z = -6 + 10. Suppose a - 25 = -0*j - 2*j, -d*j = -z*a - 40. What is the remainder when 24 is divided by j?
10
Let p = -42 - -512. What is the remainder when p is divided by 59?
57
Let f = 22617 + -3188. Calculate the remainder when f is divided by 134.
133
Let m = -410 - -398. Let q = m + 32. Suppose 0 = -5*z + 3*z + 94. Calculate the remainder when z is divided by q.
7
Let l(j) = -88*j + 66. Let k be l(4). Let m = k + 347. Calculate the remainder when m is divided by 53.
8
Let b(d) = 2*d**2 - 3*d - 8. Let q(k) = -k**2 + 15*k - 34. What is the remainder when b(7) is divided by q(4)?
9
Let a be 4/(-18) - 4460/180. Let q = a + 44. Suppose -526 = -4*w - 154. What is the remainder when w is divided by q?
17
Calculate the remainder when 230 is divided by 1152/10 + 149/(-745).
0
Let y = 1332 - 1175. What is the remainder when y is divided by 16?
13
Let t = 587 + -538. Calculate the remainder when 269 is divided by t.
24
Suppose -22 = -2*u - 14. Suppose -u*q + 8 = 0, 0 = -5*o - 3*q - 118 + 794. Calculate the remainder when o is divided by 17.
15
Calculate the remainder when (10/3)/(-6*13/(-936)) is divided by (-2)/((14/12)/(-7)).
4
Let d = 351 - 217. Let u = d - 101. Calculate the remainder when u is divided by 7.
5
Suppose g + 5 = 0, 227 = 3*h - h + 3*g. Let x = 128 - h. Calculate the remainder when 47 is divided by x.
5
Let i = -7 + 1. What is the remainder when ((-134)/i)/((-15)/(-90)) is divided by (-3)/(-5)*(-2 - -47)?
26
Let z(y) = 28 - 10 + 21*y + 50. What is the remainder when z(4) is divided by 17?
16
Calculate the remainder when 131 is divided by -10 + 14 + 1/((-2)/(-252)).
1
What is the remainder when 0 + -9 + (27 - -745) is divided by 20?
3
Calculate the remainder when 26701 is divided by (-4)/(-22)*88638/204.
78
Let x(a) = 2*a**2 + 2*a + 4. Suppose -29*k + 518 = -27*k. Suppose 0 = 5*r - 291 - k. What is the remainder when r is divided by x(3)?
26
Let w(p) = p**2 + 2*p + 7. Let t(x) = -3*x**2 - 43*x + 818. Calculate the remainder when t(-25) is divided by w(0).
4
Let y = -262 + 281. Suppose -y*t - 55 = -283. Calculate the remainder when 62 is divided by t.
2
Suppose 2 = d + 1. What is the remainder when (-4)/14 - (1025/(-35) - d) is divided by 16?
14
Let n(t) = -t**2 + t + 9. Let o be n(3). Suppose 0 = -4*s + 4, -o*c + 1837 = 4*s. Calculate the remainder when c is divided by 51.
50
Suppose -2*n = -3*m + 1202, -75*m - 4*n = -76*m + 384. Calculate the remainder when m is divided by 154.
96
Let t = 1275 + -52. Calculate the remainder when t is divided by 22.
13
Let b(x) = x**3 + 6*x**2 + 6*x - 54. Let k be b(-11). Let r = k - -741. What is the remainder when 29 is divided by r?
13
Suppose -3*w = 3*b + 6, -6*w + 4 = -w - 2*b. Let j(s) = s**3 - s**2 + 7. Let h be j(w). Let t = 17 - h. What is the remainder when t is divided by 3?
1
Let w(h) = -26*h - 1. Calculate the remainder when 258 is divided by w(-2).
3
Let l(s) = -s**3 - 93*s**2 + 103*s + 878. What is the remainder when 879 is divided by l(-94)?
15
What is the remainder when 61/(74/(-414) + 0 + 34/153) is divided by 462?
17
Let r(x) = -x**2 + 2*x + 35. Let l be r(0). What is the remainder when (632/(-14))/((-5)/l) is divided by 108?
100
Suppose 47*u - 904 - 1908 = -27*u. Suppose 8 = f + v, -19 = -5*f - 2*v + 33. Calculate the remainder when u is divided by f.
2
Let l = -6163 + 6287. What is the remainder when l is divided by 33?
25
Let c(k) = 4*k**3 - 5*k**2 + 4*k + 4. Let f be c(5). Let s = f + -349. Calculate the remainder when 139 is divided by s.
39
Suppose 49*v - 63*v + 2282 = 0. Calculate the remainder when v is divided by (-220)/(-4) + (-9 - -5 - -4).
53
What is the remainder when 3/(-1) + (-402)/67 + 219 is divided by 106?
104
Let m = -1452 - -1948. What is the remainder when 505 is divided by m?
9
Let d(u) = -u**3 - 3*u**2 - 3. Let m(o) = -2*o - 2. Let i be m(1). Let p(q) = -q**2 + 25. What is the remainder when p(0) is divided by d(i)?
12
Let r(s) = -41*s. Let o(x) = 36*x - 1. Let k(i